ne o(1).
-3
Let m(b) = 2*b**2 + 12*b + 23. Calculate m(-3).
5
Let d(m) = -m**2 - 228*m + 2378. Determine d(-238).
-2
Let w(t) = -t**3 + 5*t**2 + 87*t - 420. Determine w(5).
15
Let d(y) = y**3 + 59*y**2 - 30*y - 1713. Determine d(-59).
57
Let k(g) = -g**2 - 7*g + 43. Calculate k(10).
-127
Let q(x) = 9*x**2 - 867*x + 300. What is q(96)?
12
Let b(z) = z**3 + 8*z**2 + 22*z - 13. Give b(-9).
-292
Let l(b) = 3*b**2 - 24*b - 2. Determine l(9).
25
Let q(l) = -113*l + 1465. Calculate q(13).
-4
Let b(y) = -4*y**3 + 182*y**2 - 262*y - 69. What is b(44)?
19
Let z(l) = -202*l - 30504. Calculate z(-151).
-2
Let n(u) = -u**2 - 9*u + 876. What is n(27)?
-96
Let m(h) = 63*h - 428. Give m(5).
-113
Let o(m) = -2*m**2 - 37*m - 18. Calculate o(-9).
153
Let r(f) = -f**2 + 96*f - 195. Calculate r(2).
-7
Let c(h) = h**3 + 6*h**2 + 11*h + 15. Calculate c(-6).
-51
Let c(g) = 88*g**3 + g**2 - 7*g - 7. What is c(-1)?
-87
Let r(n) = -n**3 + 10*n**2 - 27*n + 28. Determine r(5).
18
Let z(o) = -2926*o + 29260. What is z(10)?
0
Let y(a) = 44*a**2 - 12*a - 15. What is y(-2)?
185
Let p(k) = -k**2 + 22*k - 70. Give p(4).
2
Let u(g) = 4*g**3 - 24*g**2 + 10*g - 27. What is u(6)?
33
Let j(i) = -7*i + 562. What is j(85)?
-33
Let x(h) = h**3 + 42*h**2 - 121*h + 372. Determine x(-45).
-258
Let o(y) = 2*y**3 + 19*y**2 + 27*y - 7. Determine o(-8).
-31
Let u(w) = -2*w**3 + 13*w**2 - 17*w - 11. Give u(3).
1
Let l(c) = -c**3 + 51*c**2 - 651*c + 72. Calculate l(27).
-9
Let j(i) = i**2 - 521*i - 1041. Calculate j(-2).
5
Let d(n) = -n**3 - 29*n**2 - 31*n - 118. What is d(-28)?
-34
Let u(n) = -n**2 + 106*n + 992. What is u(-8)?
80
Let d(b) = b**2 + 44*b + 330. Calculate d(-41).
207
Let t(u) = -33*u + 154. Calculate t(12).
-242
Let c(y) = 322*y - 2571. Determine c(8).
5
Let t(x) = -7*x - 653. Give t(0).
-653
Let b(r) = -17*r**2 + 357*r - 1149. What is b(17)?
7
Let n(g) = -g**2 + 43*g - 351. What is n(15)?
69
Let p(a) = a**3 - 11*a**2 - a + 6. Calculate p(11).
-5
Let j(h) = 2*h**2 + 136*h + 2307. Calculate j(-34).
-5
Let n(c) = -c**3 - 8*c**2 + 6*c + 8. Determine n(-4).
-80
Let p(g) = g**3 - 16*g**2 - 360*g + 1710. Give p(27).
9
Let k(u) = -u**3 + 38*u**2 + 46*u - 310. Give k(39).
-37
Let v(z) = 2*z**3 - 233*z**2 - 118*z + 100. What is v(117)?
-17
Let y(v) = -41*v**2 + 112*v - 113. What is y(1)?
-42
Let o(u) = -29653*u - 177916. What is o(-6)?
2
Let b(t) = -3*t**3 + 7*t**2 + 16*t - 43. Give b(3).
-13
Let x(v) = -v**3 + 48*v**2 - 94*v + 68. Calculate x(46).
-24
Let g(z) = 83*z + 274. What is g(-3)?
25
Let l(u) = 4*u**2 + 324*u + 642. Give l(-2).
10
Let p(x) = -26*x + 224. What is p(6)?
68
Let b(y) = -y**3 - 18*y**2 - 6*y + 38. Determine b(-17).
-149
Let g(k) = 254*k + 48008. Give g(-189).
2
Let i(b) = -b**3 - 13*b**2 - 11*b - 2. Calculate i(0).
-2
Let r(m) = 329*m - 2615. Give r(8).
17
Let z(q) = -14*q**2 - 148*q + 23. What is z(-8)?
311
Let i(w) = -226*w - 25336. What is i(-112)?
-24
Let b(u) = u**3 + 27*u + 6. What is b(0)?
6
Let u(p) = -p**3 - 3*p**2 + 9*p - 7. Determine u(0).
-7
Let c(a) = 103*a - 291. Calculate c(3).
18
Let k(x) = -x**2 + 110*x + 1593. Give k(-13).
-6
Let w(x) = 418*x**2 + 13379*x + 98. Determine w(-32).
2
Let t(f) = -153*f**2 - 1527*f + 29. Give t(-10).
-1
Let c(q) = 155*q - 7899. What is c(51)?
6
Let p(r) = -24*r**3 + 20*r**2 + 27*r - 48. Determine p(1).
-25
Let i(u) = -u**3 + 70*u**2 - 69*u + 70. What is i(69)?
70
Let g(x) = -4*x**2 + 289*x + 890. Calculate g(-3).
-13
Let m(c) = c**3 + 12*c**2 - 177*c + 5. Determine m(-21).
-247
Let w(k) = -1697*k - 5128. Give w(-3).
-37
Let g(b) = -5*b**2 + 286*b + 14. Determine g(57).
71
Let c(w) = 2*w**3 + 8*w**2 + 226*w + 1180. Give c(-5).
0
Let z(l) = 3861*l - 15442. What is z(4)?
2
Let x(y) = -29*y + 594. What is x(18)?
72
Let r(v) = -v**3 + 108*v**2 + 566*v - 113. Give r(113).
0
Let b(d) = -11*d**2 + 81*d + 82. Calculate b(-1).
-10
Let i(q) = -89*q**2 - 607*q + 116. Give i(-7).
4
Let f(w) = -3*w**2 + 722*w + 3668. Calculate f(-5).
-17
Let v(o) = o**3 + 31*o**2 + 61*o + 87. Give v(-29).
0
Let o(i) = i**2 - 99*i - 6053. Calculate o(-43).
53
Let k(s) = -s**3 - 12*s**2 - 8*s + 41. What is k(-11)?
8
Let g(b) = -b**3 + 8*b**2 + 27*b - 113. Give g(10).
-43
Let m(k) = 3*k**2 - 71*k + 10. Determine m(24).
34
Let q(y) = -8*y - 77. Determine q(-8).
-13
Let u(a) = -5*a**3 - 22*a**2 - 6*a + 5. What is u(-4)?
-3
Let d(s) = -487*s - 6872. Determine d(-14).
-54
Let f(n) = 3*n**3 + 2*n**2 + 7*n - 96. Calculate f(0).
-96
Let r(u) = u**3 - 49*u**2 + 5*u - 242. Determine r(49).
3
Let j(w) = -w**3 + 73*w**2 + 221*w + 515. Give j(76).
-17
Let w(g) = 4*g**2 - 16*g - 90. Give w(-4).
38
Let b(m) = -35*m**3 - 4*m**2 + 39*m + 86. Give b(-2).
272
Let z(c) = 4*c - 51. What is z(17)?
17
Let v(y) = -y**2 + 47*y - 101. Determine v(37).
269
Let i(k) = -5*k**2 - 20*k + 28. Determine i(-8).
-132
Let s(o) = -2*o**3 - 11*o**2 - 12*o - 28. Determine s(-3).
-37
Let v(y) = y**3 - 3*y**2 - 176*y + 532. Give v(3).
4
Let g(x) = -3*x**2 + 34*x + 112. Determine g(14).
0
Let p(t) = -4*t**3 + 30*t**2 + 10*t + 14. Calculate p(9).
-382
Let j(u) = 194*u - 589. What is j(3)?
-7
Let a(m) = -2*m**3 - 33*m**2 - 86*m - 50. Calculate a(-13).
-115
Let a(v) = -v**3 + 2*v**2 + 7*v - 15. Determine a(0).
-15
Let q(d) = 9*d**3 + 5*d**2 + 5*d + 1. Give q(-1).
-8
Let v(k) = -k**3 - 5*k**2 - 29*k - 88. Give v(-3).
-19
Let o(u) = 264*u - 35. Determine o(2).
493
Let j(k) = 85*k + 714. Calculate j(-8).
34
Let h(n) = n**2 - 262*n + 3194. Calculate h(13).
-43
Let d(i) = 74*i - 55. Determine d(4).
241
Let f(v) = 8*v**2 + 879*v + 757. Give f(-109).
-6
Let p(q) = -139*q - 723. Calculate p(-3).
-306
Let d(q) = -q**3 + 391*q**2 + 1577*q - 18. Determine d(-4).
-6
Let l(a) = 7*a + 570. Give l(-82).
-4
Let f(p) = -p**2 - 9*p + 125. What is f(-16)?
13
Let k(j) = -j**3 + 271*j**2 + 2521*j - 284. Determine k(280).
-4
Let d(o) = -2*o**2 + 45. Calculate d(-8).
-83
Let g(b) = 4*b + 107. Determine g(14).
163
Let u(r) = 3*r**2 + 467*r - 466. Give u(1).
4
Let h(o) = 3*o**2 - 46*o + 81. Calculate h(13).
-10
Let n(h) = 3*h**3 + 16*h**2 - 96*h + 64. Give n(3).
1
Let j(t) = 108*t + 1304. Give j(-14).
-208
Let l(p) = 135*p**2 + 68*p - 138. Give l(2).
538
Let n(r) = -120*r + 4793. Determine n(40).
-7
Let t(y) = -3*y + 43. Determine t(-41).
166
Let d(i) = -i**3 + 61*i**2 - 40*i - 1181. Give d(60).
19
Let a(u) = -3*u**3 - 21*u**2 - 18*u - 36. Calculate a(-6).
-36
Let b(n) = 7*n**3 + 248*n**2 - 147*n - 102. Give b(-36).
6
Let j(k) = 28*k**3 + 3*k**2 + k - 5. What is j(2)?
233
Let m(j) = -75*j**3 - 12*j**2 - 15*j - 4. Determine m(-1).
74
Let o(n) = 8*n**3 + 10*n**2 + 5*n - 4. Give o(-2).
-38
Let c(j) = -j**3 - 9*j**2 + 22*j + 50. Calculate c(-11).
50
Let r(o) = 40*o**2 + 45*o + 145. Determine r(-3).
370
Let q(s) = -268*s + 1083. What is q(6)?
-525
Let m(y) = -4*y**3 + 17*y**2 - 53*y + 20. Calculate m(4).
-176
Let r(d) = -69*d + 14. Give r(1).
-55
Let h(j) = -582*j - 571. Give h(-1).
11
Let c(d) = -9*d**3 + 139*d**2 - 185*d + 11. What is c(14)?
-31
Let s(m) = -5*m - 324. What is s(-39)?
-129
Let p(q) = -2*q**2 - 173*q - 2638. What is p(-67)?
-25
Let j(n) = -2*n**3 + 139*n**2 - 339*n + 151. Calculate j(67).
-117
Let n(x) = x**3 - 14*x**2 + 21*x - 87. Determine n(13).
17
Let i(c) = -7*c**2 + 51*c - 54. Calculate i(1).
-10
Let s(l) = l**3 + 117*l**2 + 219*l - 1272. What is s(-115)?
-7
Let k(m) = -328*m - 1652. Determine k(-5).
-12
Let c(f) = -16*f**3 + 720*f**2 + f - 30. Determine c(45).
15
Let x(g) = -2*g**2 + 32*g - 14. Determine x(15).
16
Let s(f) = 2*f**3 - f**2 + 10*f + 26. Calculate s(6).
482
Let d(i) = 133*i + 10758. Give d(-81).
-15
Let d(w) = 2*w**3 - 31*w**2 - 28*w + 107. Calculate d(16).
-85
Let h(o) = -97*o**2 + 2128*o + 110. What is h(22)?
-22
Let a(p) = 160*p + 178. Determine a(-2).
-142
Let m(x) = -667*x - 3909. Give m(-6).
93
Let w(a) = -13*a**2 + 300*a + 28. Calculate w(23).
51
Let b(t) = -t**2 - 53*t - 41. Calculate b(0).
-41
Let p(c) = -5*c**3 - 4*c**2 - 38*c - 112. Calculate p(-5).
603
Let d(r) = 4*r**2 - 32*r - 1. What is d(8)?
-1
Let h(a) = 301*a - 3906. What is h(13)?
7
Let q(s) = -3*s**2 + 23*s - 216. Calculate q(0).
-216
Let q(s) = 688*s - 7558. Give q(11).
10
Let m(i) = i**3 - 6*i**2 - 20*i + 37. What is m(8)?
5
Let h(o) = -15*o**2 + 223*o + 826. What is h(18)?
-20
Let j(r) = 246*r - 1972. Give j(8).